 = 4*j - 7*j + 27. Let q be a(j). Let g(u) = 2*u + 1. Determine g(q).
-5
Let z(w) = -w**2 + 7*w + 2. Suppose 77*r + 24 = 80*r. Calculate z(r).
-6
Let u(y) = -9*y**3 + 10*y**2 + 6*y - 4*y**2 + 18*y**3 - 8*y**3 + y**2. Let q = 9 - 5. Suppose 2*n - x = -17, 6 = -5*n - q*x - 4. Determine u(n).
0
Let k(w) = w**3 + w**2 - 1. Suppose 0 = -11*n + 4*n - 602. Let c = n + 84. Give k(c).
-5
Let c(n) = -n**3 - 5*n**2 - 2*n - 5. Suppose r = 4*r. Suppose r - 6 = -2*f. Let p be f - 8*(-1)/(-1). Give c(p).
5
Suppose -8 = -4*s - 0. Suppose -s*m - a = 1 - 15, -2*m + 22 = 5*a. Suppose -t = -m*t + 5. Let q(w) = -2*w**3 + 2*w - 1. Give q(t).
-1
Let n(y) = -7*y**2 + 17*y - 20. Let x(i) = -2*i**2 + 6*i - 7. Let d(s) = -6*n(s) + 17*x(s). Suppose -72*l = -l - 71. Calculate d(l).
9
Let g(z) = z**2 - 2*z - 7. Let h(j) = j**3 - 16*j**2 + 5. Suppose 2*d - q = 12 + 20, -4*d + q = -64. Let y be h(d). What is g(y)?
8
Let s(o) = o**3 - 3*o**2 - 4*o - 26. Let y be s(5). Let r(x) be the second derivative of -5*x + 5/6*x**3 - 1/12*x**4 + 0 - x**2. What is r(y)?
2
Let u = 2 + 2. Let s(m) = -5*m**3 + m**2 + 3*m - 1. Let a(v) = v**3 - v**2. Let z = -21 - -15. Let o(h) = z*a(h) - s(h). Give o(u).
5
Let l(x) be the first derivative of x**4/4 + 5*x**3/3 - 3*x**2 - 5*x - 79. Give l(-6).
-5
Let b(h) = h**2 - 11*h + 22. Let i be b(9). Let r be 1*-2*i/(-8). Let m(p) = 1 + 16*p**2 + 4*p + 0 - p - 5*p. What is m(r)?
15
Let i(h) = -h**2 - 9*h - 4. Let b = 27 - 15. Suppose b = -2*r - r. What is i(r)?
16
Suppose 0 = -4*z + 23 - 3. Suppose -r - z*l - 8 - 12 = 0, 0 = -4*r + 2*l + 30. Suppose 0*o - 4*o = 4*j, r*o - 2*j - 21 = 0. Let p(y) = 2*y - 2. Calculate p(o).
4
Let s(m) = -m - 3*m - m**2 + 3 + 2*m + 2*m - 8*m. What is s(-6)?
15
Let a(r) = r**2 - 5. Let i(g) = g**2 - g. Let d(m) = a(m) - 2*i(m). Suppose -2*f + 40 = 5*v - 6*f, -5*v + 25 = -f. What is d(v)?
-13
Suppose -p + 35 = -4*y, -5*y - 28*p - 48 = -25*p. Let z(i) = i**3 + 10*i**2 + 7*i. Give z(y).
18
Let c(n) = 2*n + 8. Suppose 8*i - 66 - 30 = 0. Determine c(i).
32
Let s(v) = -4 - 6*v**2 - 2*v + 1 - v**3 - 2 + 4. Suppose -4 = -22*k - 114. Determine s(k).
-16
Let j(w) = w - 14. Suppose 8 = -3*b + 2. Let x be 30/b*(3/5 - 1). What is j(x)?
-8
Let t(b) = 7*b + b**2 - 4 - 4*b**2 - 3*b**2 - 10*b + b**3. Calculate t(6).
-22
Suppose 5*d - 251 = 204. Let v = 94 - d. Let u(j) = 3*j - 1. What is u(v)?
8
Let n = -1/103 - -106/309. Let l(q) be the third derivative of n*q**3 + 0*q - 2*q**2 + 0 + 1/24*q**4. What is l(-6)?
-4
Let y(j) = 2*j - 3. Let f = -267 + 270. Calculate y(f).
3
Let w(q) = q**2 + 9*q + 7. Suppose -4*i - 2*x - 20 = 0, -5*i + 15 = -8*i - 4*x. Give w(i).
-13
Let y(q) = q**3 - 7*q**2 - 8*q + 9. Let h be ((-3)/(-1))/(48/128). Determine y(h).
9
Let u(t) = -11*t - 12. Let p(l) = -5*l - 6. Let x(b) = 5*p(b) - 2*u(b). Let g = 871 + -875. What is x(g)?
6
Let o(j) = -4*j**2 + 2*j. Let x = 1 + 5. Suppose -2*t = -2*k + x, t - 4*t = -2*k + 7. Give o(k).
-12
Let d(l) = 2*l + 2. Let r(s) = s**3 + 13*s**2 + 5. Let f(h) = h**3 - 12*h**2 + 9*h + 9. Let g be f(11). Let y be r(g). Determine d(y).
12
Let z = 117 - 169. Let i be ((z/(-8))/13)/(2/4). Let m(j) = 3*j**2. Give m(i).
3
Let g = -3 - -2. Suppose -3*s - 9 = -4*s. Let n(z) = -8 + s - 1 - z**2 + z. Determine n(g).
-2
Let g(w) = -w + 9. Let d(y) = y**2 + 4*y - 1. Let c be d(-3). Let h be ((-4)/6)/(c/(-6)). Let x be 56/8 - (h - -3). Calculate g(x).
4
Suppose 45 = -11*i - 21. Let v(m) = -m**2 - 2*m + 17. Calculate v(i).
-7
Suppose -2*d + 5*v + 36 = 0, 5*d - 89 = 5*v + 16. Let j(g) = 8*g - 14 + 16*g - d*g. Determine j(0).
-14
Let o(q) = -9*q + 4*q - q + 21*q. Determine o(-3).
-45
Let p = 255 + -261. Let f(n) = -n**2 - 5*n + 6. What is f(p)?
0
Let h(u) be the first derivative of -u**3/6 - u**2 + 9*u + 1. Let q(c) be the first derivative of h(c). Suppose -5*w = 2 - 32. What is q(w)?
-8
Let l(x) be the third derivative of 5*x**4/24 - 3*x**3/2 - 414*x**2. Give l(6).
21
Let p(k) = k**2 + 7. Let z be 2/(-4) + (297/6)/9. Calculate p(z).
32
Let i(o) be the third derivative of 0 - 1/6*o**3 - 1/60*o**6 + 0*o + 1/15*o**5 - 1/12*o**4 - 5*o**2. Calculate i(2).
-5
Let r be (-6)/(-21) - (-52)/14. Suppose 8*n = 4*n - r. Let b(t) be the third derivative of t**6/15 - t**4/24 + t**2. Calculate b(n).
-7
Let w(q) = 29 - 982*q + 491*q + 489*q. Determine w(0).
29
Let f(l) = 3*l - 365 - 363 + 718 - 5*l. Give f(12).
-34
Let v be 2516/42 + (86/21 - 4). Let t be (-1 + 1)*-1 - 2. Let y be v/(-8) - 1/t. Let m(h) = h + 2. Determine m(y).
-5
Suppose -61 = 12*z + 11. Let n(f) = f + 11. What is n(z)?
5
Let o be (12/(-24))/(2/20). Let v(p) = p**3 + 6*p**2 + 7*p + 1. What is v(o)?
-9
Let u(a) = -a**2 - 6*a - 1. Let w be -16 - (-1 - (2 + -2)). Let n be ((-9)/6)/(w/(-50)). Calculate u(n).
4
Let n be (10/(-5))/(8/(-12)). Let k(y) = -y - 4. Let c(a) = a. Let p(g) = n*c(g) + k(g). Calculate p(6).
8
Let d(n) be the first derivative of -n**3/3 - n + 403. Suppose 5*j - s + 5 = 4*s, -j + 23 = 5*s. What is d(j)?
-10
Suppose -20*r + 110*r + 1644 = -184*r. Let i(h) = -7 - h + h**2 + 5*h + 2*h. Calculate i(r).
-7
Let v(a) be the third derivative of -a**4/4 - a**3/6 + 23*a**2 + 2. Calculate v(2).
-13
Let q(j) be the second derivative of j**4/6 + 2*j**3/3 + 5*j**2/2 - 44*j. Let l be 3 - (14 - 4) - -3. Calculate q(l).
21
Suppose 0 = -5*u + v + 520, -4*u = -0*v - 2*v - 416. Suppose 105*c - 4 = u*c. Let f(l) = -2*l + 9. Calculate f(c).
1
Suppose 3*f - 2*f = 4. Let h(u) = 9 + u - 16 - 4*u**2 - u**3 + f. Calculate h(-4).
-7
Suppose 4*i + 5*b = -32, 3*i + 35*b - 11 = 40*b. Let u(p) = -p**2 - 8*p - 17. What is u(i)?
-2
Let k(y) = -2 - 1 + 6*y - 19*y + 16*y. Determine k(-2).
-9
Suppose -5*i + 7 + 13 = 0. Let o(s) = -s**2 + 3*s - 2. Let w be o(2). Let d(g) = -3*g - 4 + 4*g + w*g + 2. Determine d(i).
2
Let y be ((-414)/161)/(3/(-14)). Let u(w) = 5*w**2 + w**3 - y*w + 15*w - 3 - 2*w. What is u(-5)?
-8
Let a(o) be the first derivative of -o**3/3 - 3*o**2/2 + 3*o - 7. Let k be a(-3). Let d(p) = -1 + 2 - k*p + 5*p. Give d(5).
11
Let j(i) = -4*i - 1. Suppose -4*l = -0*l - 4. Let u(d) = -d + 1. Let g(q) = l*j(q) - 2*u(q). Let x(h) = -4*h - 7. Let t(v) = -13*g(v) + 6*x(v). What is t(2)?
1
Let c(i) = i. Suppose 3*b = -4*h - 2 - 10, -2*b - 5*h - 8 = 0. Let x(l) = -l - 1. Let n be x(b). Let d(m) = 3*m - 4. Let y be d(n). Give c(y).
5
Let h = 862 - 859. Let a(y) = -1 - 2 + 3*y - 4*y + 5. What is a(h)?
-1
Suppose 2 = g, -5*q + 9*g - 5*g + 22 = 0. Let a(b) = b**3 - 6*b**2 - b - 6. Calculate a(q).
-12
Let h(m) = -3*m**3 + 7*m**2 - 2*m - 6. Let s(i) = 4*i**3 - 6*i**2 + 2*i + 5. Let y be 342/45 - (-12)/(-20). Let f(g) = y*s(g) + 6*h(g). Calculate f(1).
11
Let q(j) = -j - 9. Let u = 261 + -249. What is q(u)?
-21
Let a(t) = 3*t**2 - 5*t - 5. Let b(s) = -s**2 + s + 1. Let r be (2/4)/((-19)/(-190)). Let g(c) = r*b(c) + a(c). What is g(1)?
-2
Suppose -i + 22 = 7. Suppose -3*o + 12 = -i. Let b(r) = r**3 - 8*r**2 + o*r**2 - 1 - 2*r**3 + 3 + r. What is b(0)?
2
Let f(t) be the first derivative of -t - 2/3*t**3 + 0*t**2 - 11. Give f(3).
-19
Let i(a) = -4*a + 13. Let t(g) be the third derivative of -5*g**4/24 + 7*g**3/3 - 4*g**2. Let n(x) = 6*i(x) - 5*t(x). What is n(-4)?
4
Suppose y - 27 = 5*k, -4*y + 36 = -k - k. Suppose 4*u - 3*u = y. Let d(f) = 13*f - 8*f**2 - 4*f - 8 - 3*f**3 + 4*f**3. Calculate d(u).
6
Suppose -7*a - 24 = -11*a - n, 5*a - 30 = -4*n. Let f(p) = -p**3 + 4*p**2 + 12*p. What is f(a)?
0
Let a(k) = 17*k - 1. Suppose 2*q - 4 = -2*q. Let s be a(q). Let r = s - 16. Let o(l) = l + 3. What is o(r)?
3
Let t(k) = k**2 + 6*k + 2. Suppose 7*c - 10*c = -3. Let w be (1 + (-4)/4)/c. Let i = w - 5. What is t(i)?
-3
Let t be (6/(-4))/((-6)/8). Suppose -t*k + 3*x = 7, -5 + 3 = 2*x. Let l(u) = -u + 1. Let b(s) = -s**2 - 7*s + 6. Let n(i) = -b(i) + 4*l(i). Determine n(k).
8
Let j(k) = -1485 + 739 - 2*k**3 - 2*k**2 + 745 - k. What is j(-2)?
9
Suppose -5*z = -2*z - 3. Suppose 5*b = 16 - z. Let v(u) be the third derivative of -u**6/120 + u**5/12 - u**4/12 + u**3/6 + u**2. Give v(b).
13
Let a(b) = -b**3 - 4*b**2 + 6*b - 2. Let u = 0 + -5. Give a(u).
-7
Let g(s) be the second derivative of 3*s**2 - 1/20*s**5 + 0 + 0*s**4 - 1/6*s**3 - 14*s. Let j(v) = -v**2. Let m be j(0). What is g(m)?
6
Let y be 12/54 - 21/(-27). Let a be 17/(-68) + y/4. Let h(q) = -q**2 + q - 6. Give h(a).
-6
Suppose 0 +